s 12 divide 1668?
True
Does 24 divide 4763?
False
Is 121 a factor of 1452?
True
Is 6952 a multiple of 88?
True
Does 22 divide 4139?
False
Is 43 a factor of 3526?
True
Is 14 a factor of 23788?
False
Is 78 a factor of 14898?
True
Does 8 divide 1784?
True
Is 1241 a multiple of 73?
True
Is 6578 a multiple of 46?
True
Is 11 a factor of 319?
True
Does 20 divide 6380?
True
Is 1135 a multiple of 5?
True
Does 50 divide 4050?
True
Does 7 divide 15694?
True
Is 144 a factor of 26333?
False
Is 2459 a multiple of 13?
False
Is 21886 a multiple of 40?
False
Is 36138 a multiple of 232?
False
Is 5170 a multiple of 6?
False
Does 64 divide 3526?
False
Is 7995 a multiple of 11?
False
Does 2 divide 2784?
True
Is 1764 a multiple of 126?
True
Is 116 a factor of 6728?
True
Does 77 divide 39757?
False
Is 159 a factor of 105431?
False
Is 7682 a multiple of 133?
False
Is 2 a factor of 773?
False
Is 608 a multiple of 76?
True
Does 20 divide 146280?
True
Is 308 a factor of 36481?
False
Is 90 a factor of 270?
True
Does 68 divide 78875?
False
Is 38802 a multiple of 174?
True
Is 27 a factor of 72063?
True
Does 5 divide 770?
True
Does 83 divide 2905?
True
Does 61 divide 1681?
False
Is 182 a factor of 5870?
False
Does 11 divide 4191?
True
Is 12 a factor of 6936?
True
Does 27 divide 10476?
True
Is 8534 a multiple of 14?
False
Does 4 divide 215?
False
Is 21 a factor of 273?
True
Does 26 divide 38312?
False
Is 52 a factor of 1036?
False
Does 10 divide 137?
False
Is 720 a multiple of 80?
True
Does 90 divide 11160?
True
Is 137 a factor of 2907?
False
Is 36 a factor of 995?
False
Does 239 divide 15057?
True
Is 4 a factor of 529?
False
Is 21 a factor of 224?
False
Is 16720 a multiple of 22?
True
Is 4 a factor of 296?
True
Is 12 a factor of 43688?
False
Is 14 a factor of 13090?
True
Does 7 divide 735?
True
Is 98 a multiple of 11?
False
Is 13 a factor of 1846?
True
Does 21 divide 82?
False
Is 1833 a multiple of 39?
True
Does 62 divide 1178?
True
Is 3 a factor of 902?
False
Does 12 divide 144?
True
Is 8 a factor of 1025?
False
Does 31 divide 3698?
False
Is 109 a multiple of 5?
False
Does 22 divide 34065?
False
Is 19 a factor of 187?
False
Is 516 even?
True
Does 17 divide 510?
True
Is 1493 a multiple of 107?
False
Is 36903 a multiple of 93?
False
Is 2074 a multiple of 34?
True
Is 64 a factor of 4699?
False
Is 21 a factor of 563?
False
Does 18 divide 3323?
False
Is 20 a factor of 329?
False
Is 462 a multiple of 14?
True
Is 249 a multiple of 19?
False
Does 11 divide 5999?
False
Does 14 divide 854?
True
Does 51 divide 7753?
False
Is 23 a factor of 667?
True
Does 13 divide 962?
True
Is 868 a multiple of 48?
False
Is 7060 a multiple of 7?
False
Does 21 divide 672?
True
Is 110 a multiple of 3?
False
Is 5 even?
False
Is 58 a factor of 23258?
True
Does 52 divide 1040?
True
Is 17 a factor of 2312?
True
Is 51 a factor of 5575?
False
Does 12 divide 13200?
True
Is 8 a factor of 702?
False
Is 1813 a multiple of 37?
True
Is 4941 a multiple of 9?
True
Is 32 a factor of 1038?
False
Is 13 a factor of 11345?
False
Is 14 a factor of 8166?
False
Is 7273 a multiple of 6?
False
Is 27637 a multiple of 29?
True
Does 12 divide 414?
False
Is 15 a factor of 160?
False
Is 13 a factor of 364?
True
Does 24 divide 41904?
True
Is 2 a factor of 2288?
True
Is 546 a multiple of 13?
True
Is 6 a factor of 2058?
True
Is 312 a multiple of 12?
True
Is 324 a factor of 14256?
True
Is 41 a factor of 1640?
True
Does 14 divide 14?
True
Is 70052 a multiple of 18?
False
Is 11 a factor of 13673?
True
Is 123 a factor of 5658?
True
Does 30 divide 901?
False
Does 44 divide 11176?
True
Is 59 a factor of 19685?
False
Does 3 divide 244?
False
Does 57 divide 1581?
False
Is 185 a factor of 40700?
True
Does 165 divide 6367?
False
Is 20677 a multiple of 9?
False
Is 71 a factor of 8116?
False
Is 902 a multiple of 11?
True
Is 99 a factor of 5445?
True
Is 43 a factor of 60?
False
Is 19 a factor of 2413?
True
Is 6 a factor of 594?
True
Is 18 a factor of 23066?
False
Is 25 a factor of 4125?
True
Does 2 divide 126?
True
Does 95 divide 30822?
False
Does 27 divide 118098?
True
Is 212 a multiple of 11?
False
Is 13989 a multiple of 74?
False
Is 31 a factor of 3968?
True
Is 1173 a multiple of 51?
True
Does 36 divide 39384?
True
Is 16145 a multiple of 53?
False
Is 36 a factor of 3226?
False
Does 164 divide 42804?
True
Is 47 a multiple of 2?
False
Is 265 a multiple of 53?
True
Does 20 divide 480?
True
Is 8 a factor of 1576?
True
Is 133 a multiple of 19?
True
Is 25 a factor of 3012?
False
Is 1155 a multiple of 11?
True
Does 28 divide 10500?
True
Is 24571 a multiple of 19?
False
Is 79306 a multiple of 224?
False
Does 12 divide 168?
True
Is 2907 a multiple of 61?
False
Is 11 a factor of 1078?
True
Does 84 divide 1932?
True
Does 165 divide 38081?
False
Is 16648 a multiple of 13?
False
Is 10 a factor of 26200?
True
Is 4 a factor of 80?
True
Is 4042 a multiple of 17?
False
Does 69 divide 5658?
True
Does 3 divide 433?
False
Is 13 a factor of 1087?
False
Is 10 a factor of 566?
False
Does 40 divide 2037?
False
Is 1485 a multiple of 11?
True
Is 803 a multiple of 59?
False
Is 1009 a multiple of 11?
False
Is 10469 a multiple of 19?
True
Is 14 a factor of 1953?
False
Does 12 divide 540?
True
Does 17 divide 1455?
False
Is 147345 a multiple of 29?
False
Is 3016 a multiple of 26?
True
Does 23 divide 292?
False
Is 54 a factor of 2165?
False
Does 21 divide 680?
False
Does 8 divide 839?
False
Is 6029 a multiple of 22?
False
Is 6688 a multiple of 351?
False
Is 1976 a multiple of 19?
True
Does 110 divide 13133?
False
Is 5 a factor of 740?
True
Does 31 divide 248?
True
Is 8 a factor of 824?
True
Is 51 a factor of 6514?
False
Does 36 divide 2466?
False
Is 28 a factor of 2115?
False
Is 2688 a multiple of 9?
False
Is 31180 a multiple of 20?
True
Does 218 divide 39894?
True
Is 4423 a multiple of 47?
False
Is 65 a multiple of 8?
False
Is 22 a factor of 9413?
False
Is 800 a multiple of 40?
True
Is 9292 a multiple of 197?
False
Does 23 divide 38841?
False
Is 2052 a multiple of 114?
True
Is 50 a factor of 1000?
True
Is 300 a multiple of 12?
True
Is 159 a factor of 6570?
False
Does 170 divide 54129?
False
Is 2471 a multiple of 26?
False
Is 12481 a multiple of 23?
False
Is 15 a factor of 466?
False
Is 2604 a multiple of 93?
True
Is 74 a multiple of 2?
True
Is 6027 a multiple of 49?
True
Is 143 a factor of 5005?
True
Is 14 a factor of 856?
False
Does 12 divide 147648?
True
Is 4590 a multiple of 18?
True
Does 21 divide 42882?
True
Is 44 a factor of 1312?
False
Does 14 divide 260?
False
Does 32 divide 14145?
False
Is 156 a multiple of 8?
False
Does 16 divide 816?
True
Is 14 a factor of 5068?
True
Does 121 divide 7853?
False
Is 462 a multiple of 33?
True
Is 35208 a multiple of 54?
True
Is 1288 a multiple of 161?
True
Does 24 divide 14351?
False
Does 6 divide 6204?
True
Is 260 a multiple of 10?
True
Is 48 a factor of 31832?
False
Is 36 a factor of 504?
True
Is 314 a factor of 43018?
True
Is 128 a factor of 128?
True
Is 98 a multiple of 14?
True
Is 216 a multiple of 6?
True
Is 1593 a multiple of 59?
True
Is 12 a factor of 11164?
False
Does 5 divide 2626?
False
Does 3 divide 20992?
False
Is 96320 a multiple of 224?
True
Is 74 a factor of 814?
True
Is 182 a multiple of 7?
True
Does 44 divide 528?
True
Is 84 a multiple of 28?
True
Is 7629 a multiple of 18?
False
Is 6440 a multiple of 28?
True
Does 58 divide 63278?
True
Does 13 divide 1651?
True
Is 5162 a multiple of 37?
False
Does 7 divide 606?
False
Is 46298 a multiple of 14?
True
Is 3 a factor of 166?
False
Does 21 divide 1337?
False
Does 14 divide 8330?
True
Is 1267 a multiple of 7?
True
Is 1309 a multiple of 7?
True
Is 7397 a multiple of 25?
False
Is 5382 a multiple of 69?
True
Is 45 a factor of 270?
True
Is 5096 a multiple of 28?
True
Is 3620 a multiple of 12?
False
Is 20 a factor of 416?
False
Does 12 divide 5816?
False
Is 165 a factor of 241?
False
Is 6 a factor of 42?
True
Is 34 a factor of 59612?
False
Is 35 a factor of 2065?
True
Is 4995 a multiple of 135?
True
Is 854 a multiple of 13?
False
Does 12 divide 12?
True
Is 10 a factor of 952?
False
Is 25 a factor of 5716?
False
Does 10 divide 7343?
False
Is 22 a factor of 2948?
True
Is 9888 a multiple of 206?
True
Is 7 a factor of 31458?
True
Is 1120 a multiple of 10?
True
Does 11 divide 